{"id":214,"date":"2010-09-09T19:28:27","date_gmt":"2010-09-09T17:28:27","guid":{"rendered":"http:\/\/wp.unil.ch\/acil\/"},"modified":"2026-01-29T10:37:39","modified_gmt":"2026-01-29T09:37:39","slug":"commissions-universitaires","status":"publish","type":"page","link":"https:\/\/wp.unil.ch\/acil\/commissions-universitaires\/","title":{"rendered":"Commissions de la Direction"},"content":{"rendered":"<p><a href=\"https:\/\/www.unil.ch\/unil\/fr\/home\/menuinst\/universite\/organisation-universite\/commissions-consultatives.html\">La repr\u00e9sentation du CI<\/a> dans les commissions de la Direction est g\u00e9r\u00e9 par ACIDUL\u00a0<\/p>\n\n\n<p><\/p>\n","protected":false},"excerpt":{"rendered":"<p>La repr\u00e9sentation du CI dans les commissions de la Direction est g\u00e9r\u00e9 par ACIDUL\u00a0<\/p>\n","protected":false},"author":241,"featured_media":0,"parent":0,"menu_order":37,"comment_status":"closed","ping_status":"closed","template":"","meta":{"_seopress_robots_primary_cat":"","_seopress_titles_title":"","_seopress_titles_desc":"","_seopress_robots_index":"","footnotes":""},"class_list":["post-214","page","type-page","status-publish"],"_links":{"self":[{"href":"https:\/\/wp.unil.ch\/acil\/wp-json\/wp\/v2\/pages\/214","targetHints":{"allow":["GET"]}}],"collection":[{"href":"https:\/\/wp.unil.ch\/acil\/wp-json\/wp\/v2\/pages"}],"about":[{"href":"https:\/\/wp.unil.ch\/acil\/wp-json\/wp\/v2\/types\/page"}],"author":[{"embeddable":true,"href":"https:\/\/wp.unil.ch\/acil\/wp-json\/wp\/v2\/users\/241"}],"replies":[{"embeddable":true,"href":"https:\/\/wp.unil.ch\/acil\/wp-json\/wp\/v2\/comments?post=214"}],"version-history":[{"count":3,"href":"https:\/\/wp.unil.ch\/acil\/wp-json\/wp\/v2\/pages\/214\/revisions"}],"predecessor-version":[{"id":1761,"href":"https:\/\/wp.unil.ch\/acil\/wp-json\/wp\/v2\/pages\/214\/revisions\/1761"}],"wp:attachment":[{"href":"https:\/\/wp.unil.ch\/acil\/wp-json\/wp\/v2\/media?parent=214"}],"curies":[{"name":"wp","href":"https:\/\/api.w.org\/{rel}","templated":true}]}}