{"id":1418,"date":"2021-08-27T10:12:52","date_gmt":"2021-08-27T08:12:52","guid":{"rendered":"https:\/\/wp.unil.ch\/acil\/?page_id=1418"},"modified":"2025-08-05T16:28:04","modified_gmt":"2025-08-05T14:28:04","slug":"graduate-campus","status":"publish","type":"page","link":"https:\/\/wp.unil.ch\/acil\/graduate-campus\/","title":{"rendered":"Graduate Campus"},"content":{"rendered":"\n<p>Le Graduate Campus organise chaque semestre des ateliers destin\u00e9s aux doctorants-e-s et post-doctorant-e-s de toutes les facult\u00e9s de l&rsquo;UNIL. Il fournit entre autres des conseils pour bien mener sa th\u00e8se et d\u00e9velopper sa carri\u00e8re, acad\u00e9mique ou hors-acad\u00e9mique.<\/p>\n\n\n\n<p><a href=\"https:\/\/www.unil.ch\/unil\/fr\/home\/menuinst\/universite\/organisation-universite\/unites-et-services\/graduate-campus.html\">Voir le site du Graduate Campus<\/a><\/p>\n\n\n\n<p><a href=\"https:\/\/www.youtube.com\/watch?v=I7xMCUnd6o0&amp;t=2s\">Graduate Campus : l\u2019accueil \u00e0 l\u2019UNIL pour doctorant\u00b7es et chercheur\u00b7es de niveau postdoctoral <\/a><\/p>\n\n\n\n<p><a href=\"https:\/\/www.youtube.com\/watch?v=d7qBNHp6pps&amp;t\">Graduate Campus : onboarding at UNIL for doctoral candidates and postdoc researchers<\/a><\/p>\n\n\n\n<p><\/p>\n","protected":false},"excerpt":{"rendered":"<p>Le Graduate Campus organise chaque semestre des ateliers destin\u00e9s aux doctorants-e-s et post-doctorant-e-s de toutes les facult\u00e9s de l&rsquo;UNIL. Il fournit entre autres des conseils pour bien mener sa th\u00e8se et d\u00e9velopper sa carri\u00e8re, acad\u00e9mique ou hors-acad\u00e9mique. Voir le site du Graduate Campus Graduate Campus : l\u2019accueil \u00e0 l\u2019UNIL pour doctorant\u00b7es et chercheur\u00b7es de niveau &hellip; <\/p>\n<p class=\"link-more\"><a href=\"https:\/\/wp.unil.ch\/acil\/graduate-campus\/\" class=\"more-link\">Continuer la lecture<span class=\"screen-reader-text\"> de &laquo;&nbsp;Graduate Campus&nbsp;&raquo;<\/span><\/a><\/p>\n","protected":false},"author":1002193,"featured_media":0,"parent":0,"menu_order":0,"comment_status":"closed","ping_status":"closed","template":"","meta":{"_seopress_robots_primary_cat":"","_seopress_titles_title":"","_seopress_titles_desc":"","_seopress_robots_index":"","footnotes":""},"class_list":["post-1418","page","type-page","status-publish"],"_links":{"self":[{"href":"https:\/\/wp.unil.ch\/acil\/wp-json\/wp\/v2\/pages\/1418","targetHints":{"allow":["GET"]}}],"collection":[{"href":"https:\/\/wp.unil.ch\/acil\/wp-json\/wp\/v2\/pages"}],"about":[{"href":"https:\/\/wp.unil.ch\/acil\/wp-json\/wp\/v2\/types\/page"}],"author":[{"embeddable":true,"href":"https:\/\/wp.unil.ch\/acil\/wp-json\/wp\/v2\/users\/1002193"}],"replies":[{"embeddable":true,"href":"https:\/\/wp.unil.ch\/acil\/wp-json\/wp\/v2\/comments?post=1418"}],"version-history":[{"count":3,"href":"https:\/\/wp.unil.ch\/acil\/wp-json\/wp\/v2\/pages\/1418\/revisions"}],"predecessor-version":[{"id":1729,"href":"https:\/\/wp.unil.ch\/acil\/wp-json\/wp\/v2\/pages\/1418\/revisions\/1729"}],"wp:attachment":[{"href":"https:\/\/wp.unil.ch\/acil\/wp-json\/wp\/v2\/media?parent=1418"}],"curies":[{"name":"wp","href":"https:\/\/api.w.org\/{rel}","templated":true}]}}