{"id":141,"date":"2010-09-09T15:16:47","date_gmt":"2010-09-09T13:16:47","guid":{"rendered":"http:\/\/wp.unil.ch\/acil\/"},"modified":"2010-09-09T15:16:47","modified_gmt":"2010-09-09T13:16:47","slug":"prochaine-assemblee-generale","status":"publish","type":"page","link":"https:\/\/wp.unil.ch\/acil\/prochaine-assemblee-generale\/","title":{"rendered":"Prochaine assembl\u00e9e g\u00e9n\u00e9rale"},"content":{"rendered":"<p>TBA<\/p>\n","protected":false},"excerpt":{"rendered":"<p>TBA<\/p>\n","protected":false},"author":241,"featured_media":0,"parent":0,"menu_order":27,"comment_status":"closed","ping_status":"closed","template":"","meta":{"_seopress_robots_primary_cat":"","_seopress_titles_title":"","_seopress_titles_desc":"","_seopress_robots_index":"","footnotes":""},"class_list":["post-141","page","type-page","status-publish"],"_links":{"self":[{"href":"https:\/\/wp.unil.ch\/acil\/wp-json\/wp\/v2\/pages\/141","targetHints":{"allow":["GET"]}}],"collection":[{"href":"https:\/\/wp.unil.ch\/acil\/wp-json\/wp\/v2\/pages"}],"about":[{"href":"https:\/\/wp.unil.ch\/acil\/wp-json\/wp\/v2\/types\/page"}],"author":[{"embeddable":true,"href":"https:\/\/wp.unil.ch\/acil\/wp-json\/wp\/v2\/users\/241"}],"replies":[{"embeddable":true,"href":"https:\/\/wp.unil.ch\/acil\/wp-json\/wp\/v2\/comments?post=141"}],"version-history":[{"count":0,"href":"https:\/\/wp.unil.ch\/acil\/wp-json\/wp\/v2\/pages\/141\/revisions"}],"wp:attachment":[{"href":"https:\/\/wp.unil.ch\/acil\/wp-json\/wp\/v2\/media?parent=141"}],"curies":[{"name":"wp","href":"https:\/\/api.w.org\/{rel}","templated":true}]}}