{"id":4646,"date":"2026-04-07T13:31:29","date_gmt":"2026-04-07T11:31:29","guid":{"rendered":"https:\/\/wp.unil.ch\/acidul\/?page_id=4646"},"modified":"2026-04-07T13:38:08","modified_gmt":"2026-04-07T11:38:08","slug":"difficultes-financieres","status":"publish","type":"page","link":"https:\/\/wp.unil.ch\/acidul\/difficultes-financieres\/","title":{"rendered":"Difficult\u00e9s financi\u00e8res durant le doctorat"},"content":{"rendered":"\n<p class=\"has-text-color\" style=\"color:#2319ca\"><strong>Vous \u00eates doctorant\u00b7e et traversez une mauvaise passe financi\u00e8re ?<\/strong><\/p>\n\n\n\n<p class=\"has-black-color has-text-color\">ACIDUL peut vous offrir une aide ponctuelle, une fois par ann\u00e9e acad\u00e9mique (01.08 &#8211; 31.07), pour un maximum de 1&rsquo;000 francs. Le r\u00e8glement et les conditions d&rsquo;octroi de cette aide peuvent \u00eatre consult\u00e9s <strong><a href=\"https:\/\/wp.unil.ch\/acidul\/files\/2025\/11\/fsd-acidul_v22.10.2025.pdf\">ici<\/a><\/strong>. La demande est \u00e0 soumettre par mail \u00e0 acidul@unil.ch.<\/p>\n","protected":false},"excerpt":{"rendered":"<p>Vous \u00eates doctorant\u00b7e et traversez une mauvaise passe financi\u00e8re ? ACIDUL peut vous offrir une aide ponctuelle, une fois par ann\u00e9e acad\u00e9mique (01.08 &#8211; 31.07), pour un maximum de 1&rsquo;000 francs. Le r\u00e8glement et les conditions d&rsquo;octroi de cette aide peuvent \u00eatre consult\u00e9s ici. La demande est \u00e0 soumettre par mail \u00e0 acidul@unil.ch.<\/p>\n","protected":false},"author":1002600,"featured_media":0,"parent":0,"menu_order":0,"comment_status":"closed","ping_status":"closed","template":"","meta":{"_seopress_robots_primary_cat":"","_seopress_titles_title":"","_seopress_titles_desc":"","_seopress_robots_index":"","footnotes":"","_links_to":"","_links_to_target":""},"class_list":["post-4646","page","type-page","status-publish"],"_links":{"self":[{"href":"https:\/\/wp.unil.ch\/acidul\/wp-json\/wp\/v2\/pages\/4646","targetHints":{"allow":["GET"]}}],"collection":[{"href":"https:\/\/wp.unil.ch\/acidul\/wp-json\/wp\/v2\/pages"}],"about":[{"href":"https:\/\/wp.unil.ch\/acidul\/wp-json\/wp\/v2\/types\/page"}],"author":[{"embeddable":true,"href":"https:\/\/wp.unil.ch\/acidul\/wp-json\/wp\/v2\/users\/1002600"}],"replies":[{"embeddable":true,"href":"https:\/\/wp.unil.ch\/acidul\/wp-json\/wp\/v2\/comments?post=4646"}],"version-history":[{"count":3,"href":"https:\/\/wp.unil.ch\/acidul\/wp-json\/wp\/v2\/pages\/4646\/revisions"}],"predecessor-version":[{"id":4661,"href":"https:\/\/wp.unil.ch\/acidul\/wp-json\/wp\/v2\/pages\/4646\/revisions\/4661"}],"wp:attachment":[{"href":"https:\/\/wp.unil.ch\/acidul\/wp-json\/wp\/v2\/media?parent=4646"}],"curies":[{"name":"wp","href":"https:\/\/api.w.org\/{rel}","templated":true}]}}