{"id":4387,"date":"2025-02-28T16:15:57","date_gmt":"2025-02-28T15:15:57","guid":{"rendered":"https:\/\/wp.unil.ch\/acidul\/?page_id=4387"},"modified":"2025-02-28T16:34:28","modified_gmt":"2025-02-28T15:34:28","slug":"cotisations-lpp","status":"publish","type":"page","link":"https:\/\/wp.unil.ch\/acidul\/cotisations-lpp\/","title":{"rendered":"Cotisations 2e pilier"},"content":{"rendered":"\n<p>Votre contrat \u00e0 l&rsquo;UNIL se termine prochainement ? Pensez \u00e0 transf\u00e9rer vos cotisations de 2e pilier (LPP) \u00e0 votre nouvelle caisse de pension, si vous avez un nouvel employeur en Suisse. <\/p>\n\n\n\n<p>Si vous restez en Suisse mais n&rsquo;avez pas encore de nouvel employeur ou si vous quittez d\u00e9finitivement la Suisse, vous trouverez des informations sur les d\u00e9marches \u00e0 entreprendre dans la brochure des Retraites populaires ci-jointe, en <a href=\"https:\/\/wp.unil.ch\/acidul\/files\/2025\/02\/RP_501_F_FinContrat_web_202502.pdf\">fran\u00e7ais<\/a>, <a href=\"https:\/\/wp.unil.ch\/acidul\/files\/2025\/02\/RP_501_D_FinContrat_web_202502.pdf\">allemand<\/a> et <a href=\"https:\/\/wp.unil.ch\/acidul\/files\/2025\/02\/RP_501_E_FinContrat_web_202502.pdf\">anglais<\/a>.<\/p>\n","protected":false},"excerpt":{"rendered":"<p>Votre contrat \u00e0 l&rsquo;UNIL se termine prochainement ? Pensez \u00e0 transf\u00e9rer vos cotisations de 2e pilier (LPP) \u00e0 votre nouvelle caisse de pension, si vous avez un nouvel employeur en Suisse. Si vous restez en Suisse mais n&rsquo;avez pas encore de nouvel employeur ou si vous quittez d\u00e9finitivement la Suisse, vous trouverez des informations sur [&hellip;]<\/p>\n","protected":false},"author":1002600,"featured_media":0,"parent":0,"menu_order":0,"comment_status":"closed","ping_status":"closed","template":"","meta":{"_seopress_robots_primary_cat":"","_seopress_titles_title":"","_seopress_titles_desc":"","_seopress_robots_index":"","footnotes":"","_links_to":"","_links_to_target":""},"class_list":["post-4387","page","type-page","status-publish"],"_links":{"self":[{"href":"https:\/\/wp.unil.ch\/acidul\/wp-json\/wp\/v2\/pages\/4387","targetHints":{"allow":["GET"]}}],"collection":[{"href":"https:\/\/wp.unil.ch\/acidul\/wp-json\/wp\/v2\/pages"}],"about":[{"href":"https:\/\/wp.unil.ch\/acidul\/wp-json\/wp\/v2\/types\/page"}],"author":[{"embeddable":true,"href":"https:\/\/wp.unil.ch\/acidul\/wp-json\/wp\/v2\/users\/1002600"}],"replies":[{"embeddable":true,"href":"https:\/\/wp.unil.ch\/acidul\/wp-json\/wp\/v2\/comments?post=4387"}],"version-history":[{"count":5,"href":"https:\/\/wp.unil.ch\/acidul\/wp-json\/wp\/v2\/pages\/4387\/revisions"}],"predecessor-version":[{"id":4404,"href":"https:\/\/wp.unil.ch\/acidul\/wp-json\/wp\/v2\/pages\/4387\/revisions\/4404"}],"wp:attachment":[{"href":"https:\/\/wp.unil.ch\/acidul\/wp-json\/wp\/v2\/media?parent=4387"}],"curies":[{"name":"wp","href":"https:\/\/api.w.org\/{rel}","templated":true}]}}