{"id":4351,"date":"2025-01-31T11:24:24","date_gmt":"2025-01-31T10:24:24","guid":{"rendered":"https:\/\/wp.unil.ch\/acidul\/?page_id=4351"},"modified":"2026-03-10T13:11:36","modified_gmt":"2026-03-10T12:11:36","slug":"vos-droits-a-larret-maladie-accident","status":"publish","type":"page","link":"https:\/\/wp.unil.ch\/acidul\/vos-droits-a-larret-maladie-accident\/","title":{"rendered":"Droits \u00e0 l&rsquo;arr\u00eat maladie\/accident"},"content":{"rendered":"\n<p>Les informations ci-dessous ont \u00e9t\u00e9 donn\u00e9es lors d\u2019une pr\u00e9sentation sur l\u2019arr\u00eat maladie et accident, organis\u00e9e par ACIDUL et l\u2019<a href=\"https:\/\/wp.unil.ch\/adas\/\">ADAS<\/a> le 27 novembre 2024 \u00e0 l\u2019Universit\u00e9 de Lausanne. Elles s\u2019adressent aux chercheurs et chercheuses sous contrat UNIL ou CHUV.<\/p>\n\n\n\n<p>Pour leurs \u00e9clairages et les informations mises \u00e0 disposition, nous remercions chaleureusement MM. Etienne Fivat et Mathieu Gasparini des Ressources humaines de l\u2019UNIL ; M. Blaise Rion et Mme Eleonora Car Tullari des Ressources humaines du CHUV ; Ma\u00eetre Anny Kasser-Overney, avocate sp\u00e9cialis\u00e9e en droit du travail ; et M. Rapha\u00ebl Ramuz, secr\u00e9taire syndical au Syndicat des services publics.<\/p>\n\n\n\n<hr class=\"wp-block-separator has-alpha-channel-opacity\" \/>\n\n\n\n<p class=\"has-text-color has-link-color wp-elements-71fb4570aaf71b6a8a3e413ecb596fe0\" style=\"color:#21a0df\"><strong><em>Que faire en premier lieu en cas de maladie ou d\u2019accident ?<\/em><\/strong><\/p>\n\n\n\n<p>Si vous ne pouvez pas travailler parce que vous \u00eates malade ou avez eu un accident, vous devez en informer d\u00e8s que possible votre employeur (art. 312 du Code des obligations&nbsp;; art. 33 de la Loi sur personnel de l\u2019\u00c9tat de Vaud&nbsp;; art. 59 du R\u00e8glement d\u2019application de la Loi sur le personnel de l\u2019\u00c9tat de Vaud). \u00c0 l\u2019UNIL et au CHUV, vous devez <strong>informer <\/strong>votre sup\u00e9rieur\u00b7e hi\u00e9rarchique, ainsi que les responsables de votre d\u00e9partement ou institut. Ces personnes informeront les Ressources humaines (RH) de votre absence. Il vous est conseill\u00e9 de les contacter par \u00e9crit, par exemple par courriel.<\/p>\n\n\n\n<p>En cas d\u2019<strong>absence exc\u00e9dant<\/strong> <strong>trois jours<\/strong>, vous devez fournir un certificat m\u00e9dical (art. 59 du R\u00e8glement d\u2019application de la Loi sur le personnel de l\u2019\u00c9tat de Vaud). \u00c0 l\u2019UNIL et au CHUV, ce certificat, \u00e9tabli par votre m\u00e9decin, doit \u00eatre soumis aux responsables de votre d\u00e9partement ou institut, qui le transmettront ensuite aux RH.<\/p>\n\n\n\n<p>Veuillez noter que les m\u00e9decins n\u2019ont pas l\u2019autorisation de faire des certificats m\u00e9dicaux r\u00e9troactifs. Vous devez donc consulter un\u00b7e m\u00e9decin d\u00e8s que possible. M\u00eame si vous pensez ne pas en avoir besoin, il vaut mieux demander un certificat m\u00e9dical au cas o\u00f9 votre \u00e9tat de sant\u00e9 se d\u00e9t\u00e9riorerait.<\/p>\n\n\n\n<p>Attention : on distingue <strong>certificat d\u2019accident<\/strong> et <strong>certificat maladie<\/strong>. V\u00e9rifiez que votre certificat indique correctement la cause de votre arr\u00eat !<\/p>\n\n\n\n<p class=\"has-text-color has-link-color wp-elements-2c4def11600ecd38db087e62a4dfeef3\" style=\"color:#21a0df\"><strong><em>Qui verse le salaire ?<\/em><\/strong><\/p>\n\n\n\n<p>En cas de maladie, c\u2019est l\u2019UNIL ou le CHUV qui versera votre salaire. Aucune institution n\u2019a conclu d\u2019assurance perte de gain priv\u00e9e pour ses employ\u00e9\u00b7e\u00b7s.<\/p>\n\n\n\n<p>En cas d\u2019accident, conform\u00e9ment \u00e0 ce que pr\u00e9voit la Loi sur l\u2019assurance-accident (LAA), les employ\u00e9\u00b7es de l\u2019UNIL sont assur\u00e9\u00b7e\u00b7s aupr\u00e8s de la Baloise, tandis que les employ\u00e9\u00b7es du CHUV le sont aupr\u00e8s du Groupe mutuel. Si vous travaillez au CHUV, vous devez vous inscrire en ligne aupr\u00e8s de l\u2019assurance, apr\u00e8s avoir cr\u00e9\u00e9 un compte. Votre salaire sera vers\u00e9 \u00e0 80% par l\u2019une ou l\u2019autre assurance. Votre employeur compl\u00e9tera le reste.<\/p>\n\n\n\n<p class=\"has-text-color has-link-color wp-elements-57e694404cec4dc1b05ee2a79f0d86e9\" style=\"color:#21a0df\"><strong><em>Pendant combien de temps re\u00e7oit-on son salaire ?<\/em><\/strong><\/p>\n\n\n\n<p>Le nombre de jours de droit au salaire <strong>d\u00e9pend de votre contrat<\/strong>, voire de votre statut. Cette information vous sera communiqu\u00e9e par les RH (par courrier postal pour l\u2019UNIL) apr\u00e8s 30 jours d\u2019absence, puis 60, 90, 210, 330 et 420 jours.<\/p>\n\n\n\n<p>Si votre contrat est de dur\u00e9e ind\u00e9termin\u00e9e (<strong>CDI<\/strong>), vous toucherez 100% de votre salaire pendant un mois durant la p\u00e9riode d\u2019essai. Une fois le temps d\u2019essai d\u00e9pass\u00e9, vous recevrez 100% de votre salaire durant 12 mois, puis 80% pendant trois mois. Si vous \u00eates <strong>ma\u00eetre assistant\u00b7e<\/strong> votre contrat est consid\u00e9r\u00e9 par l&rsquo;UNIL comme un CDI.<\/p>\n\n\n\n<p>Si votre contrat est de dur\u00e9e d\u00e9termin\u00e9e (<strong>CDD<\/strong>) et selon votre fonction, vous toucherez 100% de votre salaire pendant 30 jours durant la premi\u00e8re ann\u00e9e ; 60 jours durant la deuxi\u00e8me ann\u00e9e ; 120 jours d\u00e8s la troisi\u00e8me ann\u00e9e, puis 80% durant les trois mois suivants. Veuillez noter que <strong>vous ne serez pas averti\u00b7es de la fin de vos droits <\/strong>(votre salaire ne sera simplement plus vers\u00e9) et que la prise en charge du salaire s\u2019arr\u00eate au terme pr\u00e9vu de votre contrat. Vous pouvez en tout temps contacter les RH pour obtenir le d\u00e9compte.<\/p>\n\n\n\n<p>Les <strong>premiers et premi\u00e8res assistantes<\/strong> ainsi que les <strong>assistant\u00b7es dipl\u00f4m\u00e9\u00b7es<\/strong> touchent 100% de leur salaire pendant les 12 premiers mois d\u2019arr\u00eat de travail, puis les quatre cinqui\u00e8mes de leur salaire durant trois mois.<\/p>\n\n\n\n<p>Les <strong>chercheurs ou chercheuses FNS <\/strong>touchent 100% de leur salaire pendant un mois durant la premi\u00e8re ann\u00e9e de contrat ; pendant deux mois durant la deuxi\u00e8me ann\u00e9e ; et pendant quatre mois d\u00e8s la troisi\u00e8me ann\u00e9e.<\/p>\n\n\n\n<p>Pour les chercheurs et chercheuses sous <strong>contrat PAT<\/strong>, les r\u00e8gles pr\u00e9sent\u00e9es ci-dessus pour les CDI et CDD s\u2019appliquent.<\/p>\n\n\n\n<p>Attention :<\/p>\n\n\n\n<ul class=\"wp-block-list\">\n<li>toute absence pour cause de maladie ou d\u2019accident <strong>dans les deux ans pr\u00e9c\u00e9dant un nouvel arr\u00eat <\/strong>est d\u00e9duite du nombre maximum de jours de droit au salaire lors d\u2019un nouvel arr\u00eat. Par exemple, si vous \u00eates en CDD, avez \u00e9t\u00e9 en arr\u00eat pendant 15 jours \u00e0 100% durant la premi\u00e8re ann\u00e9e de votre contrat, et \u00eates \u00e0 nouveau en arr\u00eat pendant un mois avant la fin de la premi\u00e8re ann\u00e9e de votre contrat, vous ne pourrez toucher 100% de votre salaire que pendant 15 jours lors du deuxi\u00e8me arr\u00eat<\/li>\n\n\n\n<li>conform\u00e9ment \u00e0 la Loi sur le personnel de l\u2019\u00c9tat de Vaud, les jours de <strong>weekend et les jours f\u00e9ri\u00e9s<\/strong> sont compt\u00e9s comme des jours d\u2019arr\u00eat, car votre salaire mensuel est calcul\u00e9 sur une base de 30 jours. Si vous reprenez le travail le lundi ou le jour suivant un jour f\u00e9ri\u00e9, alors le samedi et le dimanche ou le jour f\u00e9ri\u00e9 qui pr\u00e9c\u00e8dent votre reprise ne seront pas comptabilis\u00e9s. Ces informations se trouvent dans la Directive 1.28 de la Direction de l&rsquo;UNIL. Les directives du CHUV sont pour l\u2019heure accessibles qu&rsquo;aux RH.<\/li>\n<\/ul>\n\n\n\n<p class=\"has-text-color has-link-color wp-elements-1051c8d58f77e276892589e751056d58\" style=\"color:#21a0df\"><strong><em>Quelles sont les obligations \u00e0 respecter vis-\u00e0-vis de son employeur<\/em><\/strong><em> <strong>durant un arr\u00eat de travail&nbsp;?<\/strong><\/em><\/p>\n\n\n\n<p><strong>Lorsque vous \u00eates en arr\u00eat<\/strong>, vous devez informer votre employeur de votre absence et des \u00e9volutions de votre \u00e9tat de sant\u00e9, principalement par la transmission d\u2019un certificat m\u00e9dical. L&rsquo;UNIL et le CHUV souhaitent que la hi\u00e9rarchie maintienne un contact avec la personne absente, selon des dispositions convenues ensemble (email, t\u00e9l\u00e9phone, SMS, etc.). Notez que vous n&rsquo;avez aucune obligation l\u00e9gale d&rsquo;\u00eatre en contact r\u00e9gulier avec votre employeur (RH), votre sup\u00e9rieur\u00b7e hi\u00e9rarchique ou vos coll\u00e8gues durant votre arr\u00eat (voir ci-dessous).<\/p>\n\n\n\n<p><strong>Lorsque vous reprenez le travail<\/strong>, il vous faut aviser votre employeur de votre retour par le biais des RH et de votre sup\u00e9rieur\u00b7e direct\u00b7e, cela pour pr\u00e9parer au mieux votre reprise. Un entretien de reprise peut vous \u00eatre propos\u00e9. Ces mesures ont pour objectif de favoriser la p\u00e9rennit\u00e9 de votre retour au travail.<\/p>\n\n\n\n<p class=\"has-text-color has-link-color wp-elements-d8e428eb3b039a5bf5517d42981b17a0\" style=\"color:#21a0df\"><strong><em>Peut-on demander une prolongation de contrat ?<\/em><\/strong><\/p>\n\n\n\n<p><span style=\"text-decoration: underline\">\u00c0 l\u2019UNIL<\/span><br \/>Si vous \u00eates <strong>assistant\u00b7e dipl\u00f4m\u00e9\u00b7e ou premier\/premi\u00e8re assistant\u00b7e<\/strong>, l\u2019article 24 du <em>R\u00e8glement sur les assistants du 13 juin 2007<\/em> pr\u00e9cise les conditions dans lesquelles vous pouvez demander une prolongation de contrat : cong\u00e9 maternit\u00e9, cong\u00e9 d\u2019adoption, absence prolong\u00e9e pour maladie, accident, service militaire, service civil ou force majeure. Le contrat peut \u00eatre prolong\u00e9 pour 12 mois au maximum dans la limite d\u2019un total de 72 mois. Ajoutez \u00e0 votre demande tout certificat m\u00e9dical prouvant votre ou vos absences au travail. La demande doit \u00eatre soumise \u00e0 votre sup\u00e9rieur\u00b7e hi\u00e9rarchique.<\/p>\n\n\n\n<p>Les doctorant\u00b7e\u00b7s, chercheurs et chercheuses sur des <strong>financements externes<\/strong> (par exemple, FNS) peuvent demander une prolongation de leur contrat en cas d\u2019arr\u00eat maladie ou accident, selon les r\u00e8gles s\u2019appliquant \u00e0 leur fonction. La demande doit \u00eatre effectu\u00e9e en premier lieu aupr\u00e8s de l\u2019organe de financement, et non aupr\u00e8s de l\u2019UNIL ou du CHUV.<\/p>\n\n\n\n<p>Attention : seules les absences de plus d\u2019un mois comptent pour une prolongation de contrat. Si vous avez \u00e9t\u00e9 absent\u00b7e plusieurs fois pour des dur\u00e9es courtes, la p\u00e9riode totale d\u2019absence doit d\u00e9passer deux mois.<\/p>\n\n\n\n<p><span style=\"text-decoration: underline\">Au CHUV<\/span><br \/>Le CHUV ne pr\u00e9voit <strong>pas de prolongation de contrat<\/strong> en cas d\u2019incapacit\u00e9 au travail pour cause de maladie ou accident.<\/p>\n\n\n\n<p class=\"has-text-color has-link-color wp-elements-6b0389094e0f77f1ecb1deac42295b59\" style=\"color:#21a0df\"><strong><em>Est-il possible de prendre des vacances ?<\/em><\/strong><\/p>\n\n\n\n<p>En th\u00e9orie oui, mais, si l\u2019ensemble de vos absences (arr\u00eat maladie, arr\u00eat accident, service militaire, etc.) exc\u00e8de les 60 jours dans l\u2019ann\u00e9e (90 jours pour les personnes enceintes), vos vacances seront r\u00e9duites d\u2019un douzi\u00e8me par mois complet d\u2019absence.<\/p>\n\n\n\n<figure class=\"wp-block-image size-full\"><img alt=\"\" loading=\"lazy\" decoding=\"async\" width=\"844\" height=\"812\" src=\"https:\/\/wp.unil.ch\/acidul\/files\/2025\/01\/Tableau-arret-maladie_31.01.2025.png\" alt=\"\" class=\"wp-image-4349\" srcset=\"https:\/\/wp.unil.ch\/acidul\/files\/2025\/01\/Tableau-arret-maladie_31.01.2025.png 844w, https:\/\/wp.unil.ch\/acidul\/files\/2025\/01\/Tableau-arret-maladie_31.01.2025-300x289.png 300w, https:\/\/wp.unil.ch\/acidul\/files\/2025\/01\/Tableau-arret-maladie_31.01.2025-768x739.png 768w\" sizes=\"auto, (max-width: 844px) 100vw, 844px\" \/><\/figure>\n\n\n\n<p>Si vous souhaitez prendre des vacances durant votre arr\u00eat de travail, vous devez en faire la demande aupr\u00e8s des RH, en pr\u00e9sentant un certificat m\u00e9dical qui indique, en cas d\u2019arr\u00eat maladie, que votre sant\u00e9 b\u00e9n\u00e9ficierait d\u2019une p\u00e9riode de vacances. Dans le cas d\u2019un arr\u00eat accident, vous devez fournir l\u2019accord de l\u2019assurance (la Baloise pour l\u2019UNIL, le Groupe mutuel pour le CHUV).<\/p>\n\n\n\n<p class=\"has-text-color has-link-color wp-elements-9b866171d78d74d9eb62f1ce800b31b9\" style=\"color:#21a0df\"><strong><em>Qu\u2019est-il pr\u00e9vu en cas de maternit\u00e9 ?<\/em><\/strong><\/p>\n\n\n\n<p>\u00c0 compter du jour de naissance de votre enfant, vous toucherez 100% de votre salaire pendant quatre mois (vers\u00e9 \u00e0 20% par l\u2019UNIL ou le CHUV, et \u00e0 80% par les allocations f\u00e9d\u00e9rales pertes de gain), avec de possibles extensions en cas de naissance tr\u00e8s pr\u00e9matur\u00e9e de votre enfant ou d\u2019hospitalisation de votre nouveau-n\u00e9. Une fois que vous aurez inform\u00e9 les RH de votre accouchement, vous recevrez une d\u00e9cision \u00e9crite de leur part indiquant le nombre de jours d\u2019absence pay\u00e9s. Sachez qu\u2019il est ill\u00e9gal de vous faire travailler durant les huit premi\u00e8res semaines de votre cong\u00e9. D\u00e8s la 9e semaine, votre accord est n\u00e9cessaire.<\/p>\n\n\n\n<p>Si vous tombez malade durant les deux semaines qui pr\u00e9c\u00e8dent votre accouchement, votre absence sera consid\u00e9r\u00e9e comme un arr\u00eat maladie. Ces jours d\u2019absence ne seront pas pris sur votre cong\u00e9 maternit\u00e9.<\/p>\n\n\n\n<p>Pour rappel, <strong>d\u00e8s le premier jour de grossesse<\/strong>, vous \u00eates prot\u00e9g\u00e9e du licenciement (art. 336c du Code des obligations), ce qui signifie :<\/p>\n\n\n\n<ul class=\"wp-block-list\">\n<li>que vous ne pouvez pas \u00eatre licenci\u00e9e durant votre grossesse et jusqu\u2019\u00e0 16 semaines suivant la naissance de votre enfant ;<\/li>\n\n\n\n<li>que vous b\u00e9n\u00e9ficiez d\u2019une s\u00e9curit\u00e9 de l\u2019emploi durant cette p\u00e9riode, peu importe la nature de votre contrat. Si vous \u00eates en CDD et que votre contrat arrive \u00e0 terme durant votre cong\u00e9 maternit\u00e9, la fin de votre contrat est report\u00e9e \u00e0 la fin pr\u00e9vue de votre cong\u00e9.<\/li>\n<\/ul>\n\n\n\n<p><strong>Durant votre grossesse<\/strong>, vous pouvez demander \u00e0 votre employeur d\u2019ajuster vos horaires de travail et vos t\u00e2ches si celles-ci mettent en p\u00e9ril votre sant\u00e9 (par exemple, en cas d&rsquo;exposition \u00e0 des substances toxiques). Sans votre accord et celui de votre m\u00e9decin, votre employeur ou sup\u00e9rieur\u00b7e hi\u00e9rarchique ne peut exiger de vous du travail de nuit, des heures suppl\u00e9mentaires ou l\u2019accomplissement de t\u00e2ches portant des risques. De plus, vos rendez-vous m\u00e9dicaux en lien avec votre grossesse ne peuvent \u00eatre d\u00e9duits de votre temps de travail.<\/p>\n\n\n\n<p>Si vous allaitez, vous avez le droit que soient mises en place des adaptations sur votre lieu de travail, comme l\u2019acc\u00e8s \u00e0 un lieu d\u2019allaitement.<\/p>\n\n\n\n<p>La demande pour un <strong>cong\u00e9 allaitement <\/strong>doit \u00eatre faite aupr\u00e8s des RH, avec pr\u00e9sentation d\u2019un certificat m\u00e9dical d\u2019allaitement au milieu du deuxi\u00e8me mois ou, au plus tard, \u00e0 la fin du deuxi\u00e8me mois d\u2019allaitement. Ce cong\u00e9 vous permet de toucher 100% de votre salaire pendant 30 jours.<\/p>\n\n\n\n<p>Pour plus d\u2019informations sur ce sujet, vous pouvez consulter la <a href=\"https:\/\/www.gendercampus.ch\/public\/user_upload\/Brochure_Parents_2018web_FR.pdf\">brochure<\/a> du Bureau de l\u2019\u00e9galit\u00e9 de l\u2019UNIL, qui s\u2019adresse tant aux futur\u00b7e\u00b7s parents qu\u2019aux responsables hi\u00e9rarchiques.<\/p>\n\n\n\n<p><em>Vous trouverez des informations sur d\u2019autres motifs d&rsquo;absence au travail en bas de cette page.<\/em><\/p>\n\n\n\n<p class=\"has-text-color has-link-color wp-elements-99cfc71d2820186cd37855d24c30c7b8\" style=\"color:#21a0df\"><strong><em>Les conseils suivants ont \u00e9t\u00e9 plus sp\u00e9cialement donn\u00e9s par Anny Kasser-Overney et Rapha\u00ebl Ramuz :<\/em><\/strong><\/p>\n\n\n\n<ul class=\"wp-block-list\">\n<li>Si votre arr\u00eat maladie est directement li\u00e9 \u00e0 vos <strong>conditions de travail <\/strong>(par exemple, \u00e0 du harc\u00e8lement), il est fortement conseill\u00e9 de vous faire soutenir par un syndicat ou un\u00b7e avocat\u00b7e. Il vaut mieux \u00eatre accompagn\u00e9\u00b7e aux rendez-vous avec votre employeur (RH ou sup\u00e9rieur\u00b7e hi\u00e9rarchique) et ne pas tenter seul\u00b7e de n\u00e9gocier des solutions pour votre retour au travail<\/li>\n\n\n\n<li><strong>Privil\u00e9giez la forme \u00e9crite<\/strong> (par exemple, les courriels) pour vos communications avec les RH ou votre sup\u00e9rieur\u00b7e durant votre arr\u00eat. Si vous avez \u00e9t\u00e9 en contact par t\u00e9l\u00e9phone, \u00e9crivez-leur un courriel pour confirmer les informations \u00e9chang\u00e9es durant l&rsquo;appel<\/li>\n\n\n\n<li>Compte tenu du fait que la fonction premi\u00e8re d\u2019un arr\u00eat de travail est de recouvrer la sant\u00e9 pour retourner au travail, <strong>suivez tous les conseils m\u00e9dicaux<\/strong> que votre m\u00e9decin vous aura donn\u00e9s (activit\u00e9s encourag\u00e9es et d\u00e9courag\u00e9es, comme des activit\u00e9s physiques intenses ou des voyages). Faire des activit\u00e9s qui vous ont \u00e9t\u00e9 d\u00e9conseill\u00e9es peut \u00e9veiller les soup\u00e7ons, voire mener \u00e0 des sanctions de la part de votre employeur. Par ailleurs, si vous devez voyager durant votre arr\u00eat, demandez-en l\u2019autorisation \u00e9crite \u00e0 votre m\u00e9decin<\/li>\n\n\n\n<li>Dans le cas o\u00f9 votre arr\u00eat vous emp\u00eache d\u2019accomplir certaines t\u00e2ches uniquement (par exemple, l&rsquo;enseignement), demandez \u00e0 votre m\u00e9decin de les pr\u00e9ciser dans votre certificat<\/li>\n\n\n\n<li><strong>Ne travaillez pas pour un autre employeur<\/strong> durant votre arr\u00eat, m\u00eame b\u00e9n\u00e9volement, car on pourrait en d\u00e9duire que vous \u00eates capable de travailler. Notez toutefois que, si vous travaillez \u00e0 temps partiel pour l\u2019UNIL ou le CHUV et que votre arr\u00eat est li\u00e9 \u00e0 vos conditions de travail, vous pourriez continuer \u00e0 travailler pour votre autre employeur, selon l&rsquo;\u00e9valuation de votre m\u00e9decin<\/li>\n\n\n\n<li>Votre employeur doit savoir que vous \u00eates en arr\u00eat et conna\u00eetre la dur\u00e9e de votre arr\u00eat pour des questions d\u2019organisation, mais il n\u2019a <strong>pas le droit de vous demander les motifs de votre arr\u00eat ou des d\u00e9tails sur votre \u00e9tat de sant\u00e9<\/strong>, sauf en cas de lien direct avec le travail qui est attendu de vous (par exemple, votre capacit\u00e9 \u00e0 effectuer une t\u00e2che sp\u00e9cifique). Fournir volontairement des d\u00e9tails sur votre \u00e9tat de sant\u00e9 peut susciter des questions intrusives et les informations que vous aurez donn\u00e9es pourraient \u00eatre utilis\u00e9es contre vous<\/li>\n\n\n\n<li>Une fois votre employeur inform\u00e9 de votre arr\u00eat, certificat m\u00e9dical \u00e0 l\u2019appui, vous n\u2019avez <strong>aucune obligation l\u00e9gale d\u2019\u00eatre en contact r\u00e9gulier avec lui, votre sup\u00e9rieur\u00b7e ou vos coll\u00e8gues <\/strong>durant votre arr\u00eat<\/li>\n\n\n\n<li>Si vous savez que vous serez probablement absent\u00b7e du travail pendant plusieurs mois, vous pouvez en informer votre employeur, m\u00eame si votre certificat m\u00e9dical est renouvel\u00e9 tous les 15 jours, par exemple. Cette information permet \u00e0 votre employeur de mettre en place des mesures pour pallier votre absence, comme votre remplacement<\/li>\n\n\n\n<li>Il est important de <strong>pr\u00e9parer votre reprise<\/strong> avec les RH et votre sup\u00e9rieur\u00b7e hi\u00e9rarchique, le but \u00e9tant d\u2019\u00e9viter un nouvel arr\u00eat de travail.<\/li>\n<\/ul>\n\n\n\n<p class=\"has-text-color has-link-color wp-elements-eafd8a718b353fd6f77d97470eca6abc\" style=\"color:#21a0df\"><strong><em>Informations concernant d\u2019autres absences au travail<\/em><\/strong><\/p>\n\n\n\n<ul class=\"wp-block-list\">\n<li><strong>Cong\u00e9 d\u2019adoption<\/strong> : vous toucherez le 100% de votre salaire pendant quatre mois cons\u00e9cutifs<\/li>\n\n\n\n<li><strong>Cong\u00e9 pour enfant malade&nbsp;<\/strong>: l\u2019\u00c9tat de Vaud octroie au maximum 5 jours de cong\u00e9 pay\u00e9 si votre ou vos enfants sont malades, peu importe le nombre d\u2019enfants malades et le nombre de parents qui s\u2019en occupent<\/li>\n\n\n\n<li><strong>Hospitalisation du nouveau-n\u00e9<\/strong> : votre cong\u00e9 maternit\u00e9 peut \u00eatre prolong\u00e9 pour une p\u00e9riode \u00e9quivalent \u00e0 la p\u00e9riode d\u2019hospitalisation de votre enfant, au maximum 56 jours suivant sa naissance. Ce cong\u00e9 est accord\u00e9 \u00e0 la m\u00e8re aux conditions suivantes : (1) le nouveau-n\u00e9 est hospitalis\u00e9 pendant au moins deux semaines, directement apr\u00e8s sa naissance ; (2) la m\u00e8re peut prouver qu\u2019au moment de l\u2019accouchement, elle avait l\u2019intention de retourner au travail \u00e0 la suite de son cong\u00e9 maternit\u00e9<\/li>\n\n\n\n<li><strong>Service militaire <\/strong>: vous toucherez 100% de votre salaire pendant la p\u00e9riode stipul\u00e9e dans la convocation. D\u00e8s r\u00e9ception de cette derni\u00e8re, vous devez informer votre sup\u00e9rieur\u00b7e hi\u00e9rarchique ainsi que les RH de votre absence et de la dur\u00e9e de celle-ci si elle exc\u00e8de trois semaines. Dans tous les cas, vous devez remplir et signer le formulaire APG, puis l\u2019envoyer aux RH<\/li>\n\n\n\n<li><strong>Protection civile<\/strong> : vous toucherez 100% de votre salaire durant votre absence uniquement si vous \u00eates contraint au service. Vous devez remplir et signer le formulaire APG, puis l\u2019envoyer aux RH<\/li>\n\n\n\n<li><strong>Cong\u00e9-jeunesse<\/strong> : votre sup\u00e9rieur\u00b7e hi\u00e9rarchique doit notifier votre demande et la transmettre aux RH d\u00e8s que possible. Les RH vous rendront une d\u00e9cision par \u00e9crit, en pr\u00e9cisant la dur\u00e9e admise (jusqu\u2019\u00e0 12 jours par an)<\/li>\n\n\n\n<li><strong>Mariage <\/strong>: vous pouvez vous absenter pendant 4 jours de travail<\/li>\n\n\n\n<li><strong>Cong\u00e9s pay\u00e9s<\/strong> : ce cong\u00e9 peut \u00eatre demand\u00e9 (1) si vous \u00eates sapeur-pompier ou sapeuse-pompi\u00e8re volontaire, durant le temps d\u2019une formation obligatoire ; (2) si vous avez \u00e9t\u00e9 appel\u00e9\u00b7e en tant que civiliste, selon le nombre de jours de participation requis ; (3) si vous faites partie d\u2019une commission du personnel, pour un jour au maximum par mois si vous \u00eates membre du comit\u00e9, et pour une demi-journ\u00e9e par mois si vous \u00eates seulement membre de la commission ; (4) si vous \u00eates membre d\u2019un syndicat, sur demande aupr\u00e8s des RH, pour une dur\u00e9e de 15 jours au maximum par personne et par ann\u00e9e<\/li>\n\n\n\n<li>Cong\u00e9 pour le<strong> deuxi\u00e8me parent<\/strong> : le p\u00e8re ou le\/la partenaire du parent d\u2019un enfant, qui partage le domicile du parent et participe \u00e0 l\u2019\u00e9ducation de l\u2019enfant, b\u00e9n\u00e9ficie d\u2019un cong\u00e9 de 20 jours (10 jours si vous \u00eates pay\u00e9\u00b7e \u00e0 l\u2019heure), qui peuvent \u00eatre pris en une seule fois, en blocs de plusieurs jours ou en jours isol\u00e9s \u00e0 la suite de la naissance de l\u2019enfant<\/li>\n\n\n\n<li>Cong\u00e9 pour <strong>proche aidant\u00b7e<\/strong> : vous devez soumettre votre demande aux RH, avec un certificat m\u00e9dical attestant du besoin d\u2019assistance de la personne aid\u00e9e. Le cong\u00e9 est de 12 jours au maximum, r\u00e9mun\u00e9r\u00e9 selon votre salaire horaire habituel.<\/li>\n<\/ul>\n\n\n\n<hr class=\"wp-block-separator has-alpha-channel-opacity\" \/>\n\n\n\n<p>En cas de question, n&rsquo;h\u00e9sitez pas \u00e0 contacter les RH de votre facult\u00e9, un\u00b7e avocat\u00b7e ou \u00e0 rejoindre un syndicat ! Le secr\u00e9tariat g\u00e9n\u00e9ral d&rsquo;ACIDUL se tient \u00e9galement \u00e0 votre disposition pour toute question \u00e0 ce sujet.<\/p>\n","protected":false},"excerpt":{"rendered":"<p>Les informations ci-dessous ont \u00e9t\u00e9 donn\u00e9es lors d\u2019une pr\u00e9sentation sur l\u2019arr\u00eat maladie et accident, organis\u00e9e par ACIDUL et l\u2019ADAS le 27 novembre 2024 \u00e0 l\u2019Universit\u00e9 de Lausanne. Elles s\u2019adressent aux chercheurs et chercheuses sous contrat UNIL ou CHUV. Pour leurs \u00e9clairages et les informations mises \u00e0 disposition, nous remercions chaleureusement MM. Etienne Fivat et Mathieu [&hellip;]<\/p>\n","protected":false},"author":1002600,"featured_media":0,"parent":0,"menu_order":0,"comment_status":"closed","ping_status":"closed","template":"","meta":{"_seopress_robots_primary_cat":"","_seopress_titles_title":"","_seopress_titles_desc":"","_seopress_robots_index":"","footnotes":"","_links_to":"","_links_to_target":""},"class_list":["post-4351","page","type-page","status-publish"],"_links":{"self":[{"href":"https:\/\/wp.unil.ch\/acidul\/wp-json\/wp\/v2\/pages\/4351","targetHints":{"allow":["GET"]}}],"collection":[{"href":"https:\/\/wp.unil.ch\/acidul\/wp-json\/wp\/v2\/pages"}],"about":[{"href":"https:\/\/wp.unil.ch\/acidul\/wp-json\/wp\/v2\/types\/page"}],"author":[{"embeddable":true,"href":"https:\/\/wp.unil.ch\/acidul\/wp-json\/wp\/v2\/users\/1002600"}],"replies":[{"embeddable":true,"href":"https:\/\/wp.unil.ch\/acidul\/wp-json\/wp\/v2\/comments?post=4351"}],"version-history":[{"count":5,"href":"https:\/\/wp.unil.ch\/acidul\/wp-json\/wp\/v2\/pages\/4351\/revisions"}],"predecessor-version":[{"id":4610,"href":"https:\/\/wp.unil.ch\/acidul\/wp-json\/wp\/v2\/pages\/4351\/revisions\/4610"}],"wp:attachment":[{"href":"https:\/\/wp.unil.ch\/acidul\/wp-json\/wp\/v2\/media?parent=4351"}],"curies":[{"name":"wp","href":"https:\/\/api.w.org\/{rel}","templated":true}]}}