{"id":157,"date":"2010-02-19T15:50:38","date_gmt":"2010-02-19T14:50:38","guid":{"rendered":"http:\/\/wp.unil.ch\/acidul\/?page_id=157"},"modified":"2024-10-29T12:28:30","modified_gmt":"2024-10-29T11:28:30","slug":"statuts","status":"publish","type":"page","link":"https:\/\/wp.unil.ch\/acidul\/apropos\/statuts\/","title":{"rendered":"Statuts"},"content":{"rendered":"\n<p>Vous trouverez ci-dessous les statuts adopt\u00e9s lors de l&rsquo;Assembl\u00e9e g\u00e9n\u00e9rale ordinaire d\u2019ACIDUL.<\/p>\n\n\n\n<ul class=\"wp-block-list\">\n<li><a href=\"https:\/\/wp.unil.ch\/acidul\/files\/2024\/10\/Statuts-ACIDUL_22.10.2024.pdf\">Statuts du 22 octobre 2024<\/a><\/li>\n<\/ul>\n\n\n\n<p><\/p>\n","protected":false},"excerpt":{"rendered":"<p>Vous trouverez ci-dessous les statuts adopt\u00e9s lors de l&rsquo;Assembl\u00e9e g\u00e9n\u00e9rale ordinaire d\u2019ACIDUL.<\/p>\n","protected":false},"author":197,"featured_media":0,"parent":122,"menu_order":4,"comment_status":"closed","ping_status":"closed","template":"","meta":{"_seopress_robots_primary_cat":"","_seopress_titles_title":"","_seopress_titles_desc":"","_seopress_robots_index":"","footnotes":"","_links_to":"","_links_to_target":""},"class_list":["post-157","page","type-page","status-publish"],"_links":{"self":[{"href":"https:\/\/wp.unil.ch\/acidul\/wp-json\/wp\/v2\/pages\/157","targetHints":{"allow":["GET"]}}],"collection":[{"href":"https:\/\/wp.unil.ch\/acidul\/wp-json\/wp\/v2\/pages"}],"about":[{"href":"https:\/\/wp.unil.ch\/acidul\/wp-json\/wp\/v2\/types\/page"}],"author":[{"embeddable":true,"href":"https:\/\/wp.unil.ch\/acidul\/wp-json\/wp\/v2\/users\/197"}],"replies":[{"embeddable":true,"href":"https:\/\/wp.unil.ch\/acidul\/wp-json\/wp\/v2\/comments?post=157"}],"version-history":[{"count":5,"href":"https:\/\/wp.unil.ch\/acidul\/wp-json\/wp\/v2\/pages\/157\/revisions"}],"predecessor-version":[{"id":4330,"href":"https:\/\/wp.unil.ch\/acidul\/wp-json\/wp\/v2\/pages\/157\/revisions\/4330"}],"up":[{"embeddable":true,"href":"https:\/\/wp.unil.ch\/acidul\/wp-json\/wp\/v2\/pages\/122"}],"wp:attachment":[{"href":"https:\/\/wp.unil.ch\/acidul\/wp-json\/wp\/v2\/media?parent=157"}],"curies":[{"name":"wp","href":"https:\/\/api.w.org\/{rel}","templated":true}]}}