{"id":1361,"date":"2013-04-09T15:49:18","date_gmt":"2013-04-09T13:49:18","guid":{"rendered":"http:\/\/wp.unil.ch\/acidul\/?page_id=1361"},"modified":"2024-07-12T08:13:00","modified_gmt":"2024-07-12T06:13:00","slug":"permanence","status":"publish","type":"page","link":"https:\/\/wp.unil.ch\/acidul\/permanence\/","title":{"rendered":"Contact"},"content":{"rendered":"\n<p class=\"has-text-color has-link-color wp-elements-21bd38429f0dfd713914000bac3b7bea\" style=\"color:#2319ca\"><em><strong>English below<\/strong><\/em><\/p>\n\n\n\n<p><span style=\"color: #333333\">ACIDUL vous re\u00e7oit dans ses locaux \u00e0 l&rsquo;Anthropole&nbsp;(ANT&nbsp;1197) sur rendez-vous.&nbsp;Vous pouvez contacter de fa\u00e7on confidentielle le secr\u00e9tariat g\u00e9n\u00e9ral par e-mail \u00e0 l&rsquo;adresse acidul@unil.ch ou par t\u00e9l\u00e9phone au&nbsp;077 402 21 94. La secr\u00e9taire g\u00e9n\u00e9rale vous r\u00e9pondra le mardi, mercredi et vendredi.<\/span><\/p>\n\n\n\n<p>ACIDUL peut :<\/p>\n\n\n\n<ul class=\"wp-block-list\">\n<li>vous appuyer dans vos d\u00e9marches individuelles aupr\u00e8s de l&rsquo;Universit\u00e9, des d\u00e9canats, de votre chef\u00b7fe d&rsquo;unit\u00e9 ou de votre directeur\u00b7trice de th\u00e8se ;<\/li>\n\n\n\n<li>vous soutenir et vous conseiller en cas de litige, de mobbing ou de conflits sur votre lieu de travail ;<\/li>\n\n\n\n<li>vous soutenir sur le plan financier, en cas de mauvaise passe, au moyen du <a href=\"https:\/\/wp.unil.ch\/acidul\/files\/2021\/10\/FSD.pdf\">Fonds de solidarit\u00e9 des doctorant\u00b7e\u00b7s<\/a> ;<\/li>\n\n\n\n<li>vous fournir des informations sur l&rsquo;Universit\u00e9, son administration et la vie sur le campus.<\/li>\n<\/ul>\n\n\n\n<p>Vous avez un probl\u00e8me ? Vous venez d&rsquo;arriver \u00e0 l&rsquo;UNIL ? Vous avez besoin d&rsquo;informations ? Venez nous rencontrer !<\/p>\n\n\n\n<hr class=\"wp-block-separator has-alpha-channel-opacity\" \/>\n\n\n\n<p>ACIDUL&rsquo;s office is situated in the Anthropole building (ANT 1197). The general secretary and the committee are available by appointment. You can contact us confidentially by e-mail (acidul@unil.ch) or by phone (077 402 21 94). The general secretary will answer your email or your call on Tuesdays, Wednesdays and Fridays.<\/p>\n\n\n\n<p>ACIDUL can<\/p>\n\n\n\n<ul class=\"wp-block-list\">\n<li>support you in the steps you&rsquo;d like to take before the rectorate, the dean, the head of your department or your supervisor;<\/li>\n\n\n\n<li>support you in the event of issues, mobbing or conflicts you may be experiencing in your workplace;<\/li>\n\n\n\n<li>offer punctual help in case of financial hardship, thanks to the<a href=\"https:\/\/wp.unil.ch\/acidul\/files\/2021\/10\/FSD.pdf\"> Solidarity fund for PhD students<\/a>;<\/li>\n\n\n\n<li>provide you with information about the University, its administration and life on campus.<\/li>\n<\/ul>\n\n\n\n<p>Are you experiencing difficulties? Have you just arrived at UNIL? Are you looking for information? Come and meet us!<\/p>\n","protected":false},"excerpt":{"rendered":"<p>English below ACIDUL vous re\u00e7oit dans ses locaux \u00e0 l&rsquo;Anthropole&nbsp;(ANT&nbsp;1197) sur rendez-vous.&nbsp;Vous pouvez contacter de fa\u00e7on confidentielle le secr\u00e9tariat g\u00e9n\u00e9ral par e-mail \u00e0 l&rsquo;adresse acidul@unil.ch ou par t\u00e9l\u00e9phone au&nbsp;077 402 21 94. La secr\u00e9taire g\u00e9n\u00e9rale vous r\u00e9pondra le mardi, mercredi et vendredi. ACIDUL peut : Vous avez un probl\u00e8me ? Vous venez d&rsquo;arriver \u00e0 l&rsquo;UNIL [&hellip;]<\/p>\n","protected":false},"author":197,"featured_media":0,"parent":0,"menu_order":7,"comment_status":"closed","ping_status":"closed","template":"","meta":{"_seopress_robots_primary_cat":"","_seopress_titles_title":"","_seopress_titles_desc":"","_seopress_robots_index":"","footnotes":"","_links_to":"","_links_to_target":""},"class_list":["post-1361","page","type-page","status-publish"],"_links":{"self":[{"href":"https:\/\/wp.unil.ch\/acidul\/wp-json\/wp\/v2\/pages\/1361","targetHints":{"allow":["GET"]}}],"collection":[{"href":"https:\/\/wp.unil.ch\/acidul\/wp-json\/wp\/v2\/pages"}],"about":[{"href":"https:\/\/wp.unil.ch\/acidul\/wp-json\/wp\/v2\/types\/page"}],"author":[{"embeddable":true,"href":"https:\/\/wp.unil.ch\/acidul\/wp-json\/wp\/v2\/users\/197"}],"replies":[{"embeddable":true,"href":"https:\/\/wp.unil.ch\/acidul\/wp-json\/wp\/v2\/comments?post=1361"}],"version-history":[{"count":4,"href":"https:\/\/wp.unil.ch\/acidul\/wp-json\/wp\/v2\/pages\/1361\/revisions"}],"predecessor-version":[{"id":3908,"href":"https:\/\/wp.unil.ch\/acidul\/wp-json\/wp\/v2\/pages\/1361\/revisions\/3908"}],"wp:attachment":[{"href":"https:\/\/wp.unil.ch\/acidul\/wp-json\/wp\/v2\/media?parent=1361"}],"curies":[{"name":"wp","href":"https:\/\/api.w.org\/{rel}","templated":true}]}}